27?
True
Is 455769548 a multiple of 4966?
True
Is 1517376570 a multiple of 29?
True
Is 4 a factor of 27985105?
False
Does 58 divide 666420?
True
Does 2045 divide 21684087?
False
Does 164 divide 7658178?
False
Does 16 divide 178541952?
True
Is 4574106 a multiple of 326?
True
Is 149660077 a multiple of 668?
False
Does 1653 divide 96506993?
False
Does 4 divide 96074652?
True
Does 521 divide 33573240?
True
Is 1718 a factor of 13536507?
False
Does 2215 divide 281437900?
True
Does 37 divide 263354848?
False
Does 22 divide 111860408?
True
Does 711 divide 2024072667?
True
Is 81034736 a multiple of 96?
False
Does 1011 divide 184131115?
False
Is 54196301 a multiple of 4?
False
Is 28255808 a multiple of 472?
True
Is 637360682 a multiple of 1906?
True
Is 6998082 a multiple of 294?
True
Is 155 a factor of 976223707?
False
Is 846 a factor of 567774288?
True
Does 13 divide 1527767990?
False
Is 2 a factor of 6284616?
True
Is 515708363 a multiple of 217?
False
Is 23 a factor of 24888166?
False
Is 255220200 a multiple of 302?
True
Is 150483070 a multiple of 696?
False
Is 527 a factor of 112936261?
False
Is 51435838 a multiple of 72?
False
Is 9 a factor of 12711213?
True
Is 43858590 a multiple of 16?
False
Does 831 divide 151586865?
True
Is 1491399036 a multiple of 18?
True
Is 36 a factor of 796410084?
False
Is 95796040 a multiple of 71?
True
Is 472817760 a multiple of 30?
True
Does 157 divide 117703685?
True
Does 179 divide 482720756?
True
Is 75 a factor of 567000?
True
Does 12 divide 85060030?
False
Is 812830944 a multiple of 32?
True
Does 108 divide 401565197?
False
Is 220 a factor of 771791680?
True
Is 29 a factor of 194671606?
True
Is 8 a factor of 6020568?
True
Is 1066 a factor of 1285553?
False
Is 12282456 a multiple of 12?
True
Does 3381 divide 1151064342?
False
Is 12 a factor of 218681016?
True
Does 1173 divide 6648916?
False
Is 126359341 a multiple of 12?
False
Does 50 divide 72667650?
True
Is 9 a factor of 20142185?
False
Does 546 divide 34229605?
False
Does 215 divide 271291300?
True
Is 17 a factor of 8528526?
True
Is 416 a factor of 575541408?
True
Does 2584 divide 496326968?
True
Does 4220 divide 674128120?
True
Is 321 a factor of 10334916?
True
Is 7444612 a multiple of 4?
True
Is 189301182 a multiple of 422?
True
Does 51 divide 199210233?
True
Is 180 a factor of 211639860?
True
Does 24 divide 43614792?
True
Is 3113527594 a multiple of 527?
True
Is 75 a factor of 305946075?
True
Does 9 divide 82163412?
True
Does 1707 divide 1553867058?
False
Is 794 a factor of 158304544?
True
Does 410 divide 15958840?
True
Does 127 divide 785566501?
True
Does 212 divide 2023742443?
False
Is 106 a factor of 341889377?
False
Does 33 divide 405473956?
False
Is 15 a factor of 74039822?
False
Is 1130626704 a multiple of 732?
True
Does 287 divide 39879224?
True
Is 4 a factor of 33105879?
False
Is 11714 a factor of 2953321966?
True
Does 805 divide 125067215?
True
Is 46027120 a multiple of 80?
True
Does 8 divide 15802936?
True
Is 119 a factor of 4615741298?
True
Does 8 divide 48390047?
False
Is 28175796 a multiple of 99?
True
Is 23774784 a multiple of 47?
False
Is 9 a factor of 1490501378?
False
Is 483 a factor of 39405841?
False
Is 7137 a factor of 1406461345?
False
Is 44257788 a multiple of 2412?
True
Does 6 divide 140980866?
True
Is 23350404 a multiple of 154?
True
Is 901030 a multiple of 29?
True
Does 125 divide 8270500?
True
Does 2578 divide 173261589?
False
Is 313 a factor of 203063445?
True
Is 406297560 a multiple of 2190?
True
Is 562100 a multiple of 9?
False
Is 4595937877 a multiple of 53?
True
Is 49 a factor of 89322688?
True
Does 3582 divide 57913776?
True
Is 862 a factor of 458570208?
True
Is 1118 a factor of 18368658?
False
Does 49 divide 14957691?
True
Does 22 divide 322628320?
False
Does 164 divide 11128548?
True
Is 226 a factor of 1377218925?
False
Is 720512264 a multiple of 387?
False
Is 3590 a factor of 20735840?
True
Does 307 divide 72096494?
True
Is 757919 even?
False
Is 24858849 a multiple of 5?
False
Is 2113660908 a multiple of 12193?
False
Is 30124666 a multiple of 286?
True
Is 46950943 a multiple of 463?
False
Is 22 a factor of 574054756?
True
Does 581 divide 2685507175?
False
Is 1815 a factor of 597922710?
True
Does 10 divide 160482340?
True
Is 20 a factor of 984767975?
False
Is 21 a factor of 227929853?
False
Is 19 a factor of 974330507?
True
Is 443 a factor of 380462934?
False
Does 39 divide 31125432?
True
Does 762 divide 1327497726?
True
Does 319 divide 37435983?
False
Does 748 divide 134289188?
True
Is 22 a factor of 467038056?
False
Is 2499 a factor of 69584655?
True
Is 34728680 a multiple of 14?
True
Is 12514266 a multiple of 31?
True
Is 497306621 a multiple of 20?
False
Does 14 divide 21718228?
True
Does 5 divide 11683255?
True
Does 2673 divide 983460852?
True
Is 2171138176 a multiple of 64?
True
Is 268 a factor of 415056463?
False
Is 30 a factor of 969303660?
True
Does 5653 divide 961618550?
False
Is 39128460 a multiple of 105?
True
Does 3981 divide 1190044311?
True
Does 1513 divide 164069720?
True
Does 143 divide 77273607?
False
Does 321 divide 2782596846?
True
Does 19 divide 115022979?
True
Does 2636 divide 53726952?
True
Does 25 divide 32512469?
False
Is 94941912 a multiple of 6?
True
Is 275574460 a multiple of 8?
False
Does 794 divide 1109650421?
False
Is 218 a factor of 20490412?
False
Is 2697401753 a multiple of 21?
False
Is 334308090 a multiple of 92?
False
Is 563 a factor of 706717298?
False
Is 2242 a factor of 59735848?
True
Is 137 a factor of 360197822?
False
Is 54 a factor of 35714139?
False
Is 100644775 a multiple of 1925?
True
Does 100 divide 3677269794?
False
Does 36 divide 200907216?
True
Does 582 divide 114812219?
False
Does 13 divide 74327162?
True
Does 14 divide 4725549612?
True
Does 104 divide 14453712?
True
Is 3746918 a multiple of 14?
True
Is 40 a factor of 39059960?
True
Does 95 divide 78624850?
True
Is 592432524 a multiple of 148?
False
Is 131440232 a multiple of 68?
False
Is 1183526820 a multiple of 965?
False
Does 361 divide 696782706?
True
Does 5 divide 60282294?
False
Is 171015113 a multiple of 550?
False
Does 365 divide 138923380?
True
Is 69293459 a multiple of 223?
True
Does 5 divide 4656200?
True
Does 26 divide 3296498894?
True
Is 10 a factor of 579446070?
True
Is 15232068 a multiple of 246?
False
Is 4277392 a multiple of 56?
True
Does 2 divide 179187004?
True
Is 1719843893 a multiple of 331?
True
Does 20 divide 56696800?
True
Is 42 a factor of 33979177?
False
Does 1341 divide 283734831?
False
Is 15773418 a multiple of 390?
False
Does 7 divide 1331557059?
True
Is 83065622 a multiple of 95?
False
Does 14 divide 7042737?
False
Is 441 a factor of 34332778?
False
Is 480462517 a multiple of 39?
False
Is 596 a factor of 31425292?
True
Is 173990000 a multiple of 2192?
True
Does 932 divide 32994783?
False
Is 696701 a multiple of 9?
False
Is 33 a factor of 10029687?
False
Is 11 a factor of 2061686?
True
Is 3 a factor of 17336361?
True
Is 43546295 a multiple of 65?
True
Is 235427847 a multiple of 149?
False
Is 171077091 a multiple of 129?
True
Is 1049016200 a multiple of 4702?
True
Is 4716001 a multiple of 417?
False
Does 36 divide 2266761867?
False
Is 2 a factor of 219759519?
False
Does 2060 divide 96382682?
False
Is 38 a factor of 7416358?
False
Is 188355604 even?
True
Is 84 a factor of 786919896?
True
Is 27046008 a multiple of 264?
True
Is 2 a factor of 211220012?
True
Is 6979 a factor of 95563447?
True
Is 158 a factor of 13378611?
False
Does 2 divide 56968938?
True
Is 664291896 a multiple of 717?
True
Is 576629669 a multiple of 120?
False
Is 352 a factor of 112424881?
False
Is 21 a factor of 126058912?
False
Is 175150110 a multiple of 2810?
True
Does 168 divide 684941544?
True
Is 493 a factor of 492337155?
False
Does 30 divide 433320?
True
Is 356344044 a multiple of 42?
True
Does 445 divide 241284785?
True
Does 35 divide 19736080?
True
Does 77 divide 23146354?
True
Is 9 a factor of 1757845911?
False
Does 734 divide 18591893?
False
Is 7 a factor of 785375?
False
Is 101 a factor of 29781466?
True
Does 76 divide 265550308?
True
Is 46368640 a multiple of 80?
True
Is 524 a factor of 322631516?
True
Does 3 divide 410189449?
False
Is 30 a factor of 259169610?
True
Is 20 a factor of 15776475?
False
Is 4 a factor of 3658